[INFO] cloning repository https://github.com/Cthutu/lalrpop_test
[INFO] running `Command { std: "git" "-c" "credential.helper=" "-c" "credential.helper=/workspace/cargo-home/bin/git-credential-null" "clone" "--bare" "https://github.com/Cthutu/lalrpop_test" "/workspace/cache/git-repos/https%3A%2F%2Fgithub.com%2FCthutu%2Flalrpop_test", kill_on_drop: false }`
[INFO] [stderr] Cloning into bare repository '/workspace/cache/git-repos/https%3A%2F%2Fgithub.com%2FCthutu%2Flalrpop_test'...
[INFO] running `Command { std: "git" "rev-parse" "HEAD", kill_on_drop: false }`
[INFO] [stdout] 9020632c82981a49533492afe9a4e914824e52b7
[INFO] checking Cthutu/lalrpop_test against try#72f88fc4e9458f89516a0b8b0868f3718aec5b47 for pr-74989
[INFO] running `Command { std: "git" "clone" "/workspace/cache/git-repos/https%3A%2F%2Fgithub.com%2FCthutu%2Flalrpop_test" "/workspace/builds/worker-2/source", kill_on_drop: false }`
[INFO] [stderr] Cloning into '/workspace/builds/worker-2/source'...
[INFO] [stderr] done.
[INFO] validating manifest of git repo https://github.com/Cthutu/lalrpop_test on toolchain 72f88fc4e9458f89516a0b8b0868f3718aec5b47
[INFO] running `Command { std: "/workspace/cargo-home/bin/cargo" "+72f88fc4e9458f89516a0b8b0868f3718aec5b47" "read-manifest" "--manifest-path" "Cargo.toml", kill_on_drop: false }`
[INFO] started tweaking git repo https://github.com/Cthutu/lalrpop_test
[INFO] finished tweaking git repo https://github.com/Cthutu/lalrpop_test
[INFO] tweaked toml for git repo https://github.com/Cthutu/lalrpop_test written to /workspace/builds/worker-2/source/Cargo.toml
[INFO] crate git repo https://github.com/Cthutu/lalrpop_test already has a lockfile, it will not be regenerated
[INFO] running `Command { std: "/workspace/cargo-home/bin/cargo" "+72f88fc4e9458f89516a0b8b0868f3718aec5b47" "fetch" "--locked" "--manifest-path" "Cargo.toml", kill_on_drop: false }`
[INFO] [stderr]  Downloading crates ...
[INFO] [stderr]   Downloaded docopt v1.0.2
[INFO] [stderr]   Downloaded serde_derive v1.0.81
[INFO] [stderr]   Downloaded ena v0.10.1
[INFO] [stderr]   Downloaded bit-set v0.5.0
[INFO] [stderr]   Downloaded lalrpop-util v0.16.2
[INFO] [stderr]   Downloaded block-padding v0.1.2
[INFO] [stderr]   Downloaded lalrpop v0.16.2
[INFO] [stderr]   Downloaded byte-tools v0.3.0
[INFO] [stderr]   Downloaded opaque-debug v0.2.1
[INFO] [stderr]   Downloaded serde v1.0.81
[INFO] [stderr]   Downloaded block-buffer v0.7.1
[INFO] running `Command { std: "docker" "create" "-v" "/var/lib/crater-agent-workspace/builds/worker-2/target:/opt/rustwide/target:rw,Z" "-v" "/var/lib/crater-agent-workspace/builds/worker-2/source:/opt/rustwide/workdir:ro,Z" "-v" "/var/lib/crater-agent-workspace/cargo-home:/opt/rustwide/cargo-home:ro,Z" "-v" "/var/lib/crater-agent-workspace/rustup-home:/opt/rustwide/rustup-home:ro,Z" "-e" "SOURCE_DIR=/opt/rustwide/workdir" "-e" "CARGO_TARGET_DIR=/opt/rustwide/target" "-e" "CARGO_HOME=/opt/rustwide/cargo-home" "-e" "RUSTUP_HOME=/opt/rustwide/rustup-home" "-w" "/opt/rustwide/workdir" "-m" "1610612736" "--user" "0:0" "--network" "none" "rustops/crates-build-env@sha256:d92eaeed33fa75130ca1ee6c8a01d1ffb62bac859dfdfb3450e3e5d1c0146529" "/opt/rustwide/cargo-home/bin/cargo" "+72f88fc4e9458f89516a0b8b0868f3718aec5b47" "metadata" "--no-deps" "--format-version=1", kill_on_drop: false }`
[INFO] [stdout] c6ba4bbb94796cb520a5ebca7023f9e6235b3c804feec441d521a498f8e82fc3
[INFO] [stderr] WARNING: Your kernel does not support swap limit capabilities or the cgroup is not mounted. Memory limited without swap.
[INFO] running `Command { std: "docker" "start" "-a" "c6ba4bbb94796cb520a5ebca7023f9e6235b3c804feec441d521a498f8e82fc3", kill_on_drop: false }`
[INFO] running `Command { std: "docker" "inspect" "c6ba4bbb94796cb520a5ebca7023f9e6235b3c804feec441d521a498f8e82fc3", kill_on_drop: false }`
[INFO] running `Command { std: "docker" "rm" "-f" "c6ba4bbb94796cb520a5ebca7023f9e6235b3c804feec441d521a498f8e82fc3", kill_on_drop: false }`
[INFO] [stdout] c6ba4bbb94796cb520a5ebca7023f9e6235b3c804feec441d521a498f8e82fc3
[INFO] running `Command { std: "docker" "create" "-v" "/var/lib/crater-agent-workspace/builds/worker-2/target:/opt/rustwide/target:rw,Z" "-v" "/var/lib/crater-agent-workspace/builds/worker-2/source:/opt/rustwide/workdir:ro,Z" "-v" "/var/lib/crater-agent-workspace/cargo-home:/opt/rustwide/cargo-home:ro,Z" "-v" "/var/lib/crater-agent-workspace/rustup-home:/opt/rustwide/rustup-home:ro,Z" "-e" "SOURCE_DIR=/opt/rustwide/workdir" "-e" "CARGO_TARGET_DIR=/opt/rustwide/target" "-e" "CARGO_INCREMENTAL=0" "-e" "RUST_BACKTRACE=full" "-e" "RUSTFLAGS=--cap-lints=forbid" "-e" "CARGO_HOME=/opt/rustwide/cargo-home" "-e" "RUSTUP_HOME=/opt/rustwide/rustup-home" "-w" "/opt/rustwide/workdir" "-m" "1610612736" "--user" "0:0" "--network" "none" "rustops/crates-build-env@sha256:d92eaeed33fa75130ca1ee6c8a01d1ffb62bac859dfdfb3450e3e5d1c0146529" "/opt/rustwide/cargo-home/bin/cargo" "+72f88fc4e9458f89516a0b8b0868f3718aec5b47" "check" "--frozen" "--all" "--all-targets" "--message-format=json", kill_on_drop: false }`
[INFO] [stdout] f241ca323e19e0236c13f53623764f7cb1125ecad86b3825c3110f00135f83c0
[INFO] [stderr] WARNING: Your kernel does not support swap limit capabilities or the cgroup is not mounted. Memory limited without swap.
[INFO] running `Command { std: "docker" "start" "-a" "f241ca323e19e0236c13f53623764f7cb1125ecad86b3825c3110f00135f83c0", kill_on_drop: false }`
[INFO] [stderr]    Compiling version_check v0.1.5
[INFO] [stderr]    Compiling regex v0.2.11
[INFO] [stderr]     Checking ucd-util v0.1.3
[INFO] [stderr]     Checking lazy_static v1.2.0
[INFO] [stderr]     Checking utf8-ranges v1.0.2
[INFO] [stderr]     Checking lalrpop-util v0.16.2
[INFO] [stderr]     Checking thread_local v0.3.6
[INFO] [stderr]     Checking regex-syntax v0.5.6
[INFO] [stderr]    Compiling memchr v2.1.1
[INFO] [stderr]     Checking aho-corasick v0.6.9
[INFO] [stderr]     Checking calculator v0.1.0 (/opt/rustwide/workdir)
[INFO] [stdout] error: environment variable `OUT_DIR` not defined
[INFO] [stdout]  --> src/main.rs:3:1
[INFO] [stdout]   |
[INFO] [stdout] 3 | lalrpop_mod!(pub calculator1);
[INFO] [stdout]   | ^^^^^^^^^^^^^^^^^^^^^^^^^^^^^^
[INFO] [stdout]   |
[INFO] [stdout]   = note: this error originates in a macro (in Nightly builds, run with -Z macro-backtrace for more info)
[INFO] [stdout] 
[INFO] [stdout] 
[INFO] [stdout] error: environment variable `OUT_DIR` not defined
[INFO] [stdout]  --> src/main.rs:3:1
[INFO] [stdout]   |
[INFO] [stdout] 3 | lalrpop_mod!(pub calculator1);
[INFO] [stdout]   | ^^^^^^^^^^^^^^^^^^^^^^^^^^^^^^
[INFO] [stdout]   |
[INFO] [stdout]   = note: this error originates in a macro (in Nightly builds, run with -Z macro-backtrace for more info)
[INFO] [stdout] 
[INFO] [stdout] 
[INFO] [stdout] error: aborting due to previous error
[INFO] [stdout] 
[INFO] [stdout] 
[INFO] [stderr] error: could not compile `calculator`.
[INFO] [stderr] 
[INFO] [stderr] To learn more, run the command again with --verbose.
[INFO] [stderr] warning: build failed, waiting for other jobs to finish...
[INFO] [stdout] error[E0433]: failed to resolve: could not find `TermParser` in `calculator1`
[INFO] [stdout]  --> src/main.rs:7:26
[INFO] [stdout]   |
[INFO] [stdout] 7 |     assert!(calculator1::TermParser::new().parse("22").is_ok());
[INFO] [stdout]   |                          ^^^^^^^^^^ could not find `TermParser` in `calculator1`
[INFO] [stdout] 
[INFO] [stdout] 
[INFO] [stdout] error[E0433]: failed to resolve: could not find `TermParser` in `calculator1`
[INFO] [stdout]  --> src/main.rs:8:26
[INFO] [stdout]   |
[INFO] [stdout] 8 |     assert!(calculator1::TermParser::new().parse("(22)").is_ok());
[INFO] [stdout]   |                          ^^^^^^^^^^ could not find `TermParser` in `calculator1`
[INFO] [stdout] 
[INFO] [stdout] 
[INFO] [stdout] error[E0433]: failed to resolve: could not find `TermParser` in `calculator1`
[INFO] [stdout]  --> src/main.rs:9:26
[INFO] [stdout]   |
[INFO] [stdout] 9 |     assert!(calculator1::TermParser::new().parse("((((22))))").is_ok());
[INFO] [stdout]   |                          ^^^^^^^^^^ could not find `TermParser` in `calculator1`
[INFO] [stdout] 
[INFO] [stdout] 
[INFO] [stdout] error[E0433]: failed to resolve: could not find `TermParser` in `calculator1`
[INFO] [stdout]   --> src/main.rs:10:26
[INFO] [stdout]    |
[INFO] [stdout] 10 |     assert!(calculator1::TermParser::new().parse("((22))").is_ok());
[INFO] [stdout]    |                          ^^^^^^^^^^ could not find `TermParser` in `calculator1`
[INFO] [stdout] 
[INFO] [stdout] 
[INFO] [stdout] error: aborting due to 5 previous errors
[INFO] [stdout] 
[INFO] [stdout] 
[INFO] [stdout] For more information about this error, try `rustc --explain E0433`.
[INFO] [stdout] 
[INFO] [stderr] error: build failed
[INFO] running `Command { std: "docker" "inspect" "f241ca323e19e0236c13f53623764f7cb1125ecad86b3825c3110f00135f83c0", kill_on_drop: false }`
[INFO] running `Command { std: "docker" "rm" "-f" "f241ca323e19e0236c13f53623764f7cb1125ecad86b3825c3110f00135f83c0", kill_on_drop: false }`
[INFO] [stdout] f241ca323e19e0236c13f53623764f7cb1125ecad86b3825c3110f00135f83c0
